{"id":661,"date":"2019-11-01T13:32:49","date_gmt":"2019-11-01T13:32:49","guid":{"rendered":"https:\/\/gite-aventures-quebec.com\/?page_id=661"},"modified":"2019-11-11T22:35:23","modified_gmt":"2019-11-11T22:35:23","slug":"forfaits","status":"publish","type":"page","link":"https:\/\/gite-aventures-quebec.com\/?page_id=661","title":{"rendered":"Nos forfaits"},"content":{"rendered":"<p>[vc_row full_height=\u00a0\u00bbyes\u00a0\u00bb][vc_column css=\u00a0\u00bb.vc_custom_1572440993546{background-color: #baae9a !important;}\u00a0\u00bb]<section class=\"sohohotel-about-us-block-wrapper sohohotel-clearfix \"><div class=\"sohohotel-image-wrapper\" style=\"background:url(https:\/\/gite-aventures-quebec.com\/wp-content\/uploads\/2019\/11\/Gite_Aventures_Quebec_hiver_forfaits.jpg) no-repeat center top;\"><img decoding=\"async\" src=\"https:\/\/gite-aventures-quebec.com\/wp-content\/uploads\/2019\/11\/Gite_Aventures_Quebec_hiver_forfaits.jpg\" alt=\"\" \/><\/div><div class=\"sohohotel-about-us-block\"><h3>Forfaits hiver<\/h3><p><\/p>\n<p id=\"tw-target-text\" class=\"tw-data-text tw-text-large tw-ta\" dir=\"ltr\" data-placeholder=\"Traduction\"><span lang=\"fr\" tabindex=\"0\">Notre g\u00eete est le point de d\u00e9part des plus belles activit\u00e9s hivernales<\/span><\/p>\n<p><\/p><a target=\"_blank\" href=\"https:\/\/gite-aventures-quebec.com\/?page_id=662&lang=fr\" class=\"sohohotel-about-us-block-button\">D\u00e9tails<i class=\"fa fa-angle-right\"><\/i><\/a><\/div><\/section>[\/vc_column][\/vc_row][vc_row full_height=\u00a0\u00bbyes\u00a0\u00bb columns_placement=\u00a0\u00bbbottom\u00a0\u00bb css=\u00a0\u00bb.vc_custom_1572028753259{border-top-width: 50px !important;border-bottom-width: 50px !important;border-left-width: 50px !important;}\u00a0\u00bb][vc_column css=\u00a0\u00bb.vc_custom_1572440930834{background-color: #baae9a !important;}\u00a0\u00bb]<section class=\"sohohotel-about-us-block-wrapper sohohotel-clearfix sohohotel-about-us-block-wrapper-right-align-image\"><div class=\"sohohotel-image-wrapper\" style=\"background:url(https:\/\/gite-aventures-quebec.com\/wp-content\/uploads\/2019\/11\/G\u00eete_Aventure_Qu\u00e9bec_ete_forfait.jpg) no-repeat center top;\"><img decoding=\"async\" src=\"https:\/\/gite-aventures-quebec.com\/wp-content\/uploads\/2019\/11\/G\u00eete_Aventure_Qu\u00e9bec_ete_forfait.jpg\" alt=\"\" \/><\/div><div class=\"sohohotel-about-us-block\"><h3>Forfaits \u00c9t\u00e9<\/h3><p><\/p>\n<p id=\"tw-target-text\" class=\"tw-data-text tw-text-large tw-ta\" dir=\"ltr\" data-placeholder=\"Traduction\"><span lang=\"fr\" tabindex=\"0\">Vous \u00eates au bon endroit pour profiter pleinement de l&rsquo;\u00e9t\u00e9<\/span><\/p>\n<p><\/p><a target=\"_blank\" href=\"https:\/\/gite-aventures-quebec.com\/?page_id=624&lang=fr\" class=\"sohohotel-about-us-block-button\">D\u00e9tails<i class=\"fa fa-angle-right\"><\/i><\/a><\/div><\/section>[\/vc_column][\/vc_row]<\/p>\n","protected":false},"excerpt":{"rendered":"<p>[vc_row full_height=\u00a0\u00bbyes\u00a0\u00bb][vc_column css=\u00a0\u00bb.vc_custom_1572440993546{background-color: #baae9a !important;}\u00a0\u00bb][\/vc_column][\/vc_row][vc_row full_height=\u00a0\u00bbyes\u00a0\u00bb columns_placement=\u00a0\u00bbbottom\u00a0\u00bb css=\u00a0\u00bb.vc_custom_1572028753259{border-top-width: 50px !important;border-bottom-width: 50px !important;border-left-width: 50px !important;}\u00a0\u00bb][vc_column css=\u00a0\u00bb.vc_custom_1572440930834{background-color: #baae9a !important;}\u00a0\u00bb][\/vc_column][\/vc_row]<\/p>\n<a href=\"https:\/\/gite-aventures-quebec.com\/?page_id=661\" class=\"sohohotel-more-link\">Read More<i class=\"fa fa-angle-right\"><\/i><\/a>","protected":false},"author":2,"featured_media":0,"parent":0,"menu_order":0,"comment_status":"closed","ping_status":"closed","template":"","meta":{"footnotes":""},"class_list":["post-661","page","type-page","status-publish","hentry"],"_links":{"self":[{"href":"https:\/\/gite-aventures-quebec.com\/index.php?rest_route=\/wp\/v2\/pages\/661","targetHints":{"allow":["GET"]}}],"collection":[{"href":"https:\/\/gite-aventures-quebec.com\/index.php?rest_route=\/wp\/v2\/pages"}],"about":[{"href":"https:\/\/gite-aventures-quebec.com\/index.php?rest_route=\/wp\/v2\/types\/page"}],"author":[{"embeddable":true,"href":"https:\/\/gite-aventures-quebec.com\/index.php?rest_route=\/wp\/v2\/users\/2"}],"replies":[{"embeddable":true,"href":"https:\/\/gite-aventures-quebec.com\/index.php?rest_route=%2Fwp%2Fv2%2Fcomments&post=661"}],"version-history":[{"count":0,"href":"https:\/\/gite-aventures-quebec.com\/index.php?rest_route=\/wp\/v2\/pages\/661\/revisions"}],"wp:attachment":[{"href":"https:\/\/gite-aventures-quebec.com\/index.php?rest_route=%2Fwp%2Fv2%2Fmedia&parent=661"}],"curies":[{"name":"wp","href":"https:\/\/api.w.org\/{rel}","templated":true}]}}