{"id":601,"date":"2019-10-31T18:01:45","date_gmt":"2019-10-31T18:01:45","guid":{"rendered":"https:\/\/gite-aventures-quebec.com\/?page_id=601"},"modified":"2019-11-26T16:23:06","modified_gmt":"2019-11-26T16:23:06","slug":"a-propos","status":"publish","type":"page","link":"https:\/\/gite-aventures-quebec.com\/?page_id=601","title":{"rendered":"\u00c0 propos"},"content":{"rendered":"<p>[vc_row][vc_column width=\u00a0\u00bb1\/2&Prime;]<div class=\"sohohotel-title3 sohohotel-title-color\"><h4>Notre G\u00eete Aventures Qu\u00e9bec<\/h4><\/div>[vc_column_text]Notre G\u00eete Aventures Qu\u00e9bec est situ\u00e9 <strong>\u00e0 seulement 30 minutes de la ville de Qu\u00e9bec<\/strong>, au c\u0153ur de la for\u00eat, et surplombe la rivi\u00e8re Montmorency.<\/p>\n<p>Ce <strong>lodge en rondins de 5 chambres<\/strong> \u00e0 coucher <strong>luxueux<\/strong> repr\u00e9sente exactement notre philosophie: <strong>accueil local chaleureux<\/strong>, e<strong>xcellent service \u00e0 la client\u00e8le<\/strong> et <strong>exp\u00e9rience exceptionnelle<\/strong>.<\/p>\n<p>Dans un v\u00e9ritable <strong>havre de paix<\/strong>, c&rsquo;est un endroit parfait si vous recherchez l&rsquo;<strong>intimit\u00e9<\/strong> et la <strong>tranquillit\u00e9<\/strong>. Le jacuzzi ext\u00e9rieur avec sa vue panoramique est une v\u00e9ritable invitation \u00e0 la d\u00e9tente. Chaque chambre est unique et poss\u00e8de sa propre salle de bain priv\u00e9e et un acc\u00e8s au jardin avec une terrasse priv\u00e9e ou un balcon avec vue panoramique. Le site offre de <strong>nombreuses activit\u00e9s dans la r\u00e9gion <\/strong>: la c\u00e9l\u00e8bre chute Montmorency, le site de Huron-Wendake et le parc national Jacques-Cartier. Avec sa d\u00e9coration raffin\u00e9e, ses mat\u00e9riaux haut de gamme et son souci du d\u00e9tail, <strong>notre lodge sera certainement votre prochain coup de coeur.<\/strong>[\/vc_column_text][\/vc_column][vc_column width=\u00a0\u00bb1\/2&Prime;]<div class=\"sohohotel-title3 sohohotel-title-color\"><h4>Le G\u00eete en vid\u00e9o<\/h4><\/div>[vc_video link=\u00a0\u00bbhttps:\/\/youtu.be\/9zLcTMEAz58&Prime;][\/vc_column][\/vc_row][vc_row][vc_column width=\u00a0\u00bb1\/2&Prime;]<div class=\"sohohotel-title3 sohohotel-title-color\"><h4>Le G\u00eete en images<\/h4><\/div>[vc_masonry_media_grid gap=\u00a0\u00bb3&Prime; grid_id=\u00a0\u00bbvc_gid:1574785348468-88fd806d29a9d5304e064cb1a3bb1f71-8&Prime; include=\u00a0\u00bb803,807,809,781,805,801&Prime;][\/vc_column][vc_column width=\u00a0\u00bb1\/2&Prime;][vc_tta_tabs][vc_tta_section title=\u00a0\u00bbNos chambres\u00a0\u00bb tab_id=\u00a0\u00bb1537771879600-6d972c55-0c88&Prime;][vc_column_text css=\u00a0\u00bb.vc_custom_1573230315325{margin-bottom: 0px !important;border-bottom-width: 0px !important;}\u00a0\u00bb]<\/p>\n<p style=\"text-align: center;\">Chaque chambre est unique et poss\u00e8de sa propre salle de bain priv\u00e9e et un acc\u00e8s au jardin avec une terrasse priv\u00e9e ou un balcon avec vue panoramique. Le choix vous appartient !<\/p>\n<p>[\/vc_column_text][\/vc_tta_section][\/vc_tta_tabs]<section class=\"sohohotel-clearfix sohohotel-call-to-action-2-section\" style=\"background:url() no-repeat center top;\">\n\n\t\t<div class=\"sohohotel-call-to-action-2-section-inner\">\n\n\t\t\t<h3><\/h3>\n\t\t\t<p><\/p>\n\t\t\t<a href=\"https:\/\/secure.reservit.com\/fo\/booking\/58\/202678\/dates?specialMode=default&amp;langcode=EN&amp;partid=0&amp;roomtcode=145135&amp;custid=58&amp;_ga=GA1.2.1688700176.1568816058&amp;hotelid=202678&amp;m=booking\" class=\"sohohotel-button0\">R\u00e9servation en ligne<i class=\"fa fa-angle-right\"><\/i><\/a>\n\n\t\t<\/div>\n\t\t\n\t<\/section>[\/vc_column][\/vc_row][vc_row][vc_column]<div class=\"sohohotel-title2 sohohotel-title-color\"><h3>Testimonials<\/h3><\/div>\t\n\t<!-- BEGIN .sohohotel-testimonial-wrapper -->\n\t<div class=\"sohohotel-testimonial-wrapper-1 sohohotel-testimonials-border-1\">\n\t\n\t\t\t\t\n\t\t\t<!-- BEGIN .sohohotel-testimonial-list- -->\n\t\t\t<div class=\"sohohotel-testimonial-list sohohotel-owl-carousel-1\">\n\t\n\t\t\t\t\t\t\t\n\t\t\t\t\t\t\t\t\n\t\t\t\t<!-- BEGIN .sohohotel-testimonial-block -->\n\t\t\t\t<div class=\"sohohotel-testimonial-block\">\n\t\t\t\t\t\n\t\t\t\t\t<div>\n\t\t\t\t\t\t<span class=\"sohohotel-open-quote\">\u201c<\/span>\n\t\t\t\t\t\t\t\t\t\t\t\t<p>Tr\u00e8s bel endroit, super hospitalit\u00e9, tout est magnifique, un cocon en pleine nature. Cerise sur le g\u00e2teau, un jacuzzi. Hautement recommand\u00e9. \ud83d\udc4d\ud83d\udc4d\ud83d\udc4d\ud83d\udc4d\ud83d\udc4d<\/p>\n<a href=\"https:\/\/gite-aventures-quebec.com\/?testimonial=temoignage-5\" class=\"sohohotel-more-link\">Read More<i class=\"fa fa-angle-right\"><\/i><\/a>\t\t\t\t\t\t<span class=\"sohohotel-close-quote\">\u201d<\/span>\n\t\t\t\t\t<\/div>\n\n\t\t\t\t\t\n\t\t\t\t\t\t<div class=\"sohohotel-testimonial-image\">\n\t\t\t\t\t\t\t\t\t\t\t\t\t\t<img decoding=\"async\" src=\"https:\/\/gite-aventures-quebec.com\/wp-content\/uploads\/2019\/11\/photo-2.png\" alt=\"\" \/>\t\t\t\t\t\t<\/div>\n\n\t\t\t\t\t\n\t\t\t\t\t<div class=\"sohohotel-testimonial-author\"><p>Jacques Berger - Septembre 2019<\/p><\/div>\n\n\t\t\t\t<!-- END .sohohotel-testimonial-block -->\n\t\t\t\t<\/div>\n\t\t\t\n\t\t\t\t\t\t\t\n\t\t\t\t\t\t\t\t\n\t\t\t\t<!-- BEGIN .sohohotel-testimonial-block -->\n\t\t\t\t<div class=\"sohohotel-testimonial-block\">\n\t\t\t\t\t\n\t\t\t\t\t<div>\n\t\t\t\t\t\t<span class=\"sohohotel-open-quote\">\u201c<\/span>\n\t\t\t\t\t\t\t\t\t\t\t\t<p>Tr\u00e8s bon accueil &#8230; Bel endroit o\u00f9 il est en harmonie avec la nature &#8230;. Tr\u00e8s bon pour se d\u00e9tendre &#8230; Spa disponible &#8230; Petit d\u00e9jeuner tr\u00e8s riche &#8230; \u00c9couter et fournir de bonnes informations<\/p>\n<a href=\"https:\/\/gite-aventures-quebec.com\/?testimonial=temoignage-4\" class=\"sohohotel-more-link\">Read More<i class=\"fa fa-angle-right\"><\/i><\/a>\t\t\t\t\t\t<span class=\"sohohotel-close-quote\">\u201d<\/span>\n\t\t\t\t\t<\/div>\n\n\t\t\t\t\t\n\t\t\t\t\t\t<div class=\"sohohotel-testimonial-image\">\n\t\t\t\t\t\t\t\t\t\t\t\t\t\t<img decoding=\"async\" src=\"https:\/\/gite-aventures-quebec.com\/wp-content\/uploads\/2019\/11\/photo-2.png\" alt=\"\" \/>\t\t\t\t\t\t<\/div>\n\n\t\t\t\t\t\n\t\t\t\t\t<div class=\"sohohotel-testimonial-author\"><p>Katy Kersuzan - Septembre 2019<\/p><\/div>\n\n\t\t\t\t<!-- END .sohohotel-testimonial-block -->\n\t\t\t\t<\/div>\n\t\t\t\n\t\t\t\t\t\t\t\n\t\t\t\t\t\t\t\t\n\t\t\t\t<!-- BEGIN .sohohotel-testimonial-block -->\n\t\t\t\t<div class=\"sohohotel-testimonial-block\">\n\t\t\t\t\t\n\t\t\t\t\t<div>\n\t\t\t\t\t\t<span class=\"sohohotel-open-quote\">\u201c<\/span>\n\t\t\t\t\t\t\t\t\t\t\t\t<p>Nous avons termin\u00e9 notre s\u00e9jour au Qu\u00e9bec dans ce lieu g\u00e9nial. Tout est mis en oeuvre pour que vous vous sentiez bien depuis l&rsquo;accueil jusqu&rsquo;au d\u00e9part. Petits d\u00e9jeuners copieux et copieux. Nous recommandons ce chalet.<\/p>\n<a href=\"https:\/\/gite-aventures-quebec.com\/?testimonial=temoignage-3\" class=\"sohohotel-more-link\">Read More<i class=\"fa fa-angle-right\"><\/i><\/a>\t\t\t\t\t\t<span class=\"sohohotel-close-quote\">\u201d<\/span>\n\t\t\t\t\t<\/div>\n\n\t\t\t\t\t\n\t\t\t\t\t\t<div class=\"sohohotel-testimonial-image\">\n\t\t\t\t\t\t\t\t\t\t\t\t\t\t<img decoding=\"async\" src=\"https:\/\/gite-aventures-quebec.com\/wp-content\/uploads\/2019\/11\/photo-2.png\" alt=\"\" \/>\t\t\t\t\t\t<\/div>\n\n\t\t\t\t\t\n\t\t\t\t\t<div class=\"sohohotel-testimonial-author\"><p>Philippe Dauvet - Octobre 2019<\/p><\/div>\n\n\t\t\t\t<!-- END .sohohotel-testimonial-block -->\n\t\t\t\t<\/div>\n\t\t\t\n\t\t\t\t\t\t\t\n\t\t\t\t\t\t\t\t\n\t\t\t\t<!-- BEGIN .sohohotel-testimonial-block -->\n\t\t\t\t<div class=\"sohohotel-testimonial-block\">\n\t\t\t\t\t\n\t\t\t\t\t<div>\n\t\t\t\t\t\t<span class=\"sohohotel-open-quote\">\u201c<\/span>\n\t\t\t\t\t\t\t\t\t\t\t\t<p>Magique !<\/p>\n<a href=\"https:\/\/gite-aventures-quebec.com\/?testimonial=temoignage-2\" class=\"sohohotel-more-link\">Read More<i class=\"fa fa-angle-right\"><\/i><\/a>\t\t\t\t\t\t<span class=\"sohohotel-close-quote\">\u201d<\/span>\n\t\t\t\t\t<\/div>\n\n\t\t\t\t\t\n\t\t\t\t\t\t<div class=\"sohohotel-testimonial-image\">\n\t\t\t\t\t\t\t\t\t\t\t\t\t\t<img decoding=\"async\" src=\"https:\/\/gite-aventures-quebec.com\/wp-content\/uploads\/2019\/10\/photo-1.png\" alt=\"\" \/>\t\t\t\t\t\t<\/div>\n\n\t\t\t\t\t\n\t\t\t\t\t<div class=\"sohohotel-testimonial-author\"><p>Stef Bambinou - Octobre 2019<\/p><\/div>\n\n\t\t\t\t<!-- END .sohohotel-testimonial-block -->\n\t\t\t\t<\/div>\n\t\t\t\n\t\t\t\t\t\t\t\n\t\t\t\t\t\t\t\t\n\t\t\t\t<!-- BEGIN .sohohotel-testimonial-block -->\n\t\t\t\t<div class=\"sohohotel-testimonial-block\">\n\t\t\t\t\t\n\t\t\t\t\t<div>\n\t\t\t\t\t\t<span class=\"sohohotel-open-quote\">\u201c<\/span>\n\t\t\t\t\t\t\t\t\t\t\t\t<p>Gros coup de coeur pour le gite aventure quebec ! Endroit magnifique, chambre propre spacieuse et tr\u00e8s bien d\u00e9cor\u00e9e. Et aussi, une vue \u00e0 couper le souffle sur la rivi\u00e8re en bas du logement ! Accueil serviable, extr\u00eame gentillesse des h\u00f4tes et bons conseils. Je recommande vivement ce lieu !<\/p>\n<a href=\"https:\/\/gite-aventures-quebec.com\/?testimonial=temoignage-1\" class=\"sohohotel-more-link\">Read More<i class=\"fa fa-angle-right\"><\/i><\/a>\t\t\t\t\t\t<span class=\"sohohotel-close-quote\">\u201d<\/span>\n\t\t\t\t\t<\/div>\n\n\t\t\t\t\t\n\t\t\t\t\t\t<div class=\"sohohotel-testimonial-image\">\n\t\t\t\t\t\t\t\t\t\t\t\t\t\t<img decoding=\"async\" src=\"https:\/\/gite-aventures-quebec.com\/wp-content\/uploads\/2019\/10\/photo.png\" alt=\"\" \/>\t\t\t\t\t\t<\/div>\n\n\t\t\t\t\t\n\t\t\t\t\t<div class=\"sohohotel-testimonial-author\"><p>Emilie Ramirez - Octobre 2019<\/p><\/div>\n\n\t\t\t\t<!-- END .sohohotel-testimonial-block -->\n\t\t\t\t<\/div>\n\t\t\t\n\t\t\t\t\t\n\t\t\t<!-- END .sohohotel-testimonial-list -->\n\t\t\t<\/div>\n\t\t\n\t\t\t\t\n\t<!-- END .sohohotel-testimonial-wrapper -->\n\t<\/div>\n\t\t\n\t[\/vc_column][\/vc_row]<\/p>\n","protected":false},"excerpt":{"rendered":"<p>[vc_row][vc_column width=\u00a0\u00bb1\/2&Prime;][vc_column_text]Notre G\u00eete Aventures Qu\u00e9bec est situ\u00e9 \u00e0 seulement 30 minutes de la ville de Qu\u00e9bec, au c\u0153ur de la for\u00eat, et surplombe la rivi\u00e8re Montmorency. Ce lodge en rondins de 5 chambres \u00e0 coucher luxueux repr\u00e9sente exactement notre philosophie: accueil local chaleureux, excellent service \u00e0 la client\u00e8le et exp\u00e9rience exceptionnelle. Dans un v\u00e9ritable havre<\/p>\n<a href=\"https:\/\/gite-aventures-quebec.com\/?testimonial=temoignage-1\" class=\"sohohotel-more-link\">Read More<i class=\"fa fa-angle-right\"><\/i><\/a>","protected":false},"author":2,"featured_media":0,"parent":0,"menu_order":0,"comment_status":"closed","ping_status":"closed","template":"","meta":{"footnotes":""},"class_list":["post-601","page","type-page","status-publish","hentry"],"_links":{"self":[{"href":"https:\/\/gite-aventures-quebec.com\/index.php?rest_route=\/wp\/v2\/pages\/601","targetHints":{"allow":["GET"]}}],"collection":[{"href":"https:\/\/gite-aventures-quebec.com\/index.php?rest_route=\/wp\/v2\/pages"}],"about":[{"href":"https:\/\/gite-aventures-quebec.com\/index.php?rest_route=\/wp\/v2\/types\/page"}],"author":[{"embeddable":true,"href":"https:\/\/gite-aventures-quebec.com\/index.php?rest_route=\/wp\/v2\/users\/2"}],"replies":[{"embeddable":true,"href":"https:\/\/gite-aventures-quebec.com\/index.php?rest_route=%2Fwp%2Fv2%2Fcomments&post=601"}],"version-history":[{"count":0,"href":"https:\/\/gite-aventures-quebec.com\/index.php?rest_route=\/wp\/v2\/pages\/601\/revisions"}],"wp:attachment":[{"href":"https:\/\/gite-aventures-quebec.com\/index.php?rest_route=%2Fwp%2Fv2%2Fmedia&parent=601"}],"curies":[{"name":"wp","href":"https:\/\/api.w.org\/{rel}","templated":true}]}}